{"id":424,"date":"2021-03-12T17:49:54","date_gmt":"2021-03-12T16:49:54","guid":{"rendered":"https:\/\/unire.fr\/?page_id=424"},"modified":"2024-01-03T15:52:29","modified_gmt":"2024-01-03T14:52:29","slug":"manifestations-et-evenements","status":"publish","type":"page","link":"https:\/\/unire.fr\/index.php\/manifestations-et-evenements\/","title":{"rendered":"Manifestations et \u00e9v\u00e8nements"},"content":{"rendered":"\n<figure class=\"wp-block-image size-large\"><img loading=\"lazy\" decoding=\"async\" width=\"1024\" height=\"281\" src=\"https:\/\/unire.fr\/wp-content\/uploads\/2021\/03\/image-page-manifestation-1024x281.jpg\" alt=\"\" class=\"wp-image-427\" srcset=\"https:\/\/unire.fr\/wp-content\/uploads\/2021\/03\/image-page-manifestation-1024x281.jpg 1024w, https:\/\/unire.fr\/wp-content\/uploads\/2021\/03\/image-page-manifestation-300x82.jpg 300w, https:\/\/unire.fr\/wp-content\/uploads\/2021\/03\/image-page-manifestation-768x211.jpg 768w, https:\/\/unire.fr\/wp-content\/uploads\/2021\/03\/image-page-manifestation-1536x422.jpg 1536w, https:\/\/unire.fr\/wp-content\/uploads\/2021\/03\/image-page-manifestation.jpg 1754w\" sizes=\"(max-width: 1024px) 100vw, 1024px\" \/><\/figure>\n\n\n\n<p class=\"has-medium-font-size\">\u2013 Quinzaines et soir\u00e9es th\u00e9matiques<br>\u2013 Sorties et soir\u00e9es familiales<br>\u2013 Quinzaine Bien-\u00eatre<br>\u2013 Carnaval<br>\u2013 Vide-greniers<br>\u2013 Dravemont en f\u00eate<br>\u2013 Animations dans les quartiers<br>\u2013 Partenariats avec la ville (F\u00eate de l\u2019\u00e9t\u00e9, Forum des associations, Forum petite enfance, \u00c9tang heureux\u2026)<\/p>\n","protected":false},"excerpt":{"rendered":"<p>\u2013 Quinzaines et soir\u00e9es th\u00e9matiques\u2013 Sorties et soir\u00e9es familiales\u2013 Quinzaine Bien-\u00eatre\u2013 Carnaval\u2013 Vide-greniers\u2013 Dravemont en f\u00eate\u2013 Animations dans les quartiers\u2013 Partenariats avec la ville (F\u00eate de l\u2019\u00e9t\u00e9, Forum des associations, Forum petite enfance, \u00c9tang heureux\u2026)<\/p>\n","protected":false},"author":1,"featured_media":0,"parent":0,"menu_order":0,"comment_status":"closed","ping_status":"closed","template":"page-no-title","meta":{"footnotes":""},"jetpack_sharing_enabled":true,"_links":{"self":[{"href":"https:\/\/unire.fr\/index.php\/wp-json\/wp\/v2\/pages\/424"}],"collection":[{"href":"https:\/\/unire.fr\/index.php\/wp-json\/wp\/v2\/pages"}],"about":[{"href":"https:\/\/unire.fr\/index.php\/wp-json\/wp\/v2\/types\/page"}],"author":[{"embeddable":true,"href":"https:\/\/unire.fr\/index.php\/wp-json\/wp\/v2\/users\/1"}],"replies":[{"embeddable":true,"href":"https:\/\/unire.fr\/index.php\/wp-json\/wp\/v2\/comments?post=424"}],"version-history":[{"count":3,"href":"https:\/\/unire.fr\/index.php\/wp-json\/wp\/v2\/pages\/424\/revisions"}],"predecessor-version":[{"id":766,"href":"https:\/\/unire.fr\/index.php\/wp-json\/wp\/v2\/pages\/424\/revisions\/766"}],"wp:attachment":[{"href":"https:\/\/unire.fr\/index.php\/wp-json\/wp\/v2\/media?parent=424"}],"curies":[{"name":"wp","href":"https:\/\/api.w.org\/{rel}","templated":true}]}}